{"id":20791,"date":"2018-12-22T08:10:02","date_gmt":"2018-12-22T08:10:02","guid":{"rendered":"https:\/\/drivervn.com\/?page_id=20791"},"modified":"2025-08-14T18:35:15","modified_gmt":"2025-08-14T18:35:15","slug":"lien-lac-voi-chung-toi","status":"publish","type":"page","link":"https:\/\/drivervn.com\/?page_id=20791","title":{"rendered":"Li\u00ean h\u1ec7 v\u1edbi ch\u00fang t\u00f4i"},"content":{"rendered":"<p>Li\u00ean h\u1ec7 v\u1edbi ch\u00fang t\u00f4i (g\u1eedi tin nh\u1eafn cho ch\u00fang t\u00f4i)<\/p>\n<p>Ch\u00e0o m\u1eebng b\u1ea1n \u0111\u1ebfn v\u1edbi trang web c\u1ee7a ch\u00fang t\u00f4i!<\/p>\n<p>N\u1ebfu b\u1ea1n mu\u1ed1n li\u00ean h\u1ec7 tr\u1ef1c ti\u1ebfp v\u1edbi ch\u00fang t\u00f4i, xin vui l\u00f2ng s\u1eed d\u1ee5ng m\u1eabu ph\u1ea3n h\u1ed3i n\u00e0y.<\/p>\n<p>Trang web DriverVn.com \u0111\u01b0\u1ee3c t\u1ea1o ra \u0111\u1ec3 cung c\u1ea5p l\u1eddi khuy\u00ean v\u00e0 h\u1ed7 tr\u1ee3 trong vi\u1ec7c gi\u1ea3i quy\u1ebft c\u00e1c v\u1ea5n \u0111\u1ec1 kh\u00e1c nhau li\u00ean quan \u0111\u1ebfn vi\u1ec7c s\u1eed d\u1ee5ng thi\u1ebft b\u1ecb m\u00e1y t\u00ednh, c\u00e0i \u0111\u1eb7t tr\u00ecnh \u0111i\u1ec1u khi\u1ec3n v\u00e0 ph\u1ea7n m\u1ec1m kh\u00e1c. Trang web c\u0169ng cung c\u1ea5p h\u01b0\u1edbng d\u1eabn s\u1eed d\u1ee5ng m\u00e1y in, m\u00e1y qu\u00e9t, m\u00e0n h\u00ecnh v\u00e0 c\u00e1c thi\u1ebft b\u1ecb m\u00e1y t\u00ednh kh\u00e1c.<\/p>\n<p>N\u1ebfu b\u1ea1n kh\u00f4ng c\u00f3 ph\u1ea7n m\u1ec1m v\u00e0 kh\u00f4ng th\u1ec3 t\u00ecm th\u1ea5y n\u00f3 tr\u00ean trang web c\u1ee7a nh\u00e0 s\u1ea3n xu\u1ea5t thi\u1ebft b\u1ecb m\u00e1y t\u00ednh, ch\u00fang t\u00f4i c\u00f3 th\u1ec3 gi\u00fap b\u1ea1n. Vui l\u00f2ng cho ch\u00fang t\u00f4i bi\u1ebft m\u00f4 h\u00ecnh m\u00e1y in, m\u00e1y qu\u00e9t, m\u00e0n h\u00ecnh ho\u1eb7c thi\u1ebft b\u1ecb m\u00e1y t\u00ednh kh\u00e1c c\u1ee7a b\u1ea1n, c\u0169ng nh\u01b0 phi\u00ean b\u1ea3n h\u1ec7 \u0111i\u1ec1u h\u00e0nh c\u1ee7a b\u1ea1n (v\u00ed d\u1ee5: Windows 11, Windows 10, Windows 8, v.v.).<\/p>\n<div class=\"social-share-buttons\"><a href=\"https:\/\/www.facebook.com\/sharer\/sharer.php?u=https:\/\/drivervn.com\/?page_id=20791\" target=\"_blank\" rel=\"noopener\">Facebook<\/a><a href=\"https:\/\/twitter.com\/intent\/tweet?url=https:\/\/drivervn.com\/?page_id=20791&text=Li%C3%AAn+h%E1%BB%87+v%E1%BB%9Bi+ch%C3%BAng+t%C3%B4i\" target=\"_blank\" rel=\"noopener\">Twitter<\/a><a href=\"https:\/\/www.linkedin.com\/shareArticle?url=https:\/\/drivervn.com\/?page_id=20791&title=Li%C3%AAn+h%E1%BB%87+v%E1%BB%9Bi+ch%C3%BAng+t%C3%B4i\" target=\"_blank\" rel=\"noopener\">LinkedIn<\/a><a href=\"https:\/\/pinterest.com\/pin\/create\/button\/?url=https:\/\/drivervn.com\/?page_id=20791&description=Li%C3%AAn+h%E1%BB%87+v%E1%BB%9Bi+ch%C3%BAng+t%C3%B4i\" target=\"_blank\" rel=\"noopener\">Pinterest<\/a><\/div>","protected":false},"excerpt":{"rendered":"<p>Li\u00ean h\u1ec7 v\u1edbi ch\u00fang t\u00f4i (g\u1eedi tin nh\u1eafn cho ch\u00fang t\u00f4i) Ch\u00e0o m\u1eebng b\u1ea1n \u0111\u1ebfn v\u1edbi trang web c\u1ee7a ch\u00fang t\u00f4i! N\u1ebfu b\u1ea1n mu\u1ed1n li\u00ean h\u1ec7 tr\u1ef1c ti\u1ebfp v\u1edbi ch\u00fang t\u00f4i, xin vui l\u00f2ng s\u1eed d\u1ee5ng m\u1eabu ph\u1ea3n h\u1ed3i n\u00e0y.&hellip;<\/p>\n<p class=\"more-link-p\"><a class=\"more-link\" href=\"https:\/\/drivervn.com\/?page_id=20791\">Read more &rarr;<\/a><\/p>\n","protected":false},"author":1,"featured_media":0,"parent":0,"menu_order":0,"comment_status":"open","ping_status":"open","template":"","meta":{"footnotes":""},"class_list":["post-20791","page","type-page","status-publish","hentry"],"_links":{"self":[{"href":"https:\/\/drivervn.com\/index.php?rest_route=\/wp\/v2\/pages\/20791","targetHints":{"allow":["GET"]}}],"collection":[{"href":"https:\/\/drivervn.com\/index.php?rest_route=\/wp\/v2\/pages"}],"about":[{"href":"https:\/\/drivervn.com\/index.php?rest_route=\/wp\/v2\/types\/page"}],"author":[{"embeddable":true,"href":"https:\/\/drivervn.com\/index.php?rest_route=\/wp\/v2\/users\/1"}],"replies":[{"embeddable":true,"href":"https:\/\/drivervn.com\/index.php?rest_route=%2Fwp%2Fv2%2Fcomments&post=20791"}],"version-history":[{"count":2,"href":"https:\/\/drivervn.com\/index.php?rest_route=\/wp\/v2\/pages\/20791\/revisions"}],"predecessor-version":[{"id":75071,"href":"https:\/\/drivervn.com\/index.php?rest_route=\/wp\/v2\/pages\/20791\/revisions\/75071"}],"wp:attachment":[{"href":"https:\/\/drivervn.com\/index.php?rest_route=%2Fwp%2Fv2%2Fmedia&parent=20791"}],"curies":[{"name":"wp","href":"https:\/\/api.w.org\/{rel}","templated":true}]}}